{"id":28,"date":"2021-01-28T12:37:41","date_gmt":"2021-01-28T12:37:41","guid":{"rendered":"http:\/\/gospelwings.de\/?page_id=28"},"modified":"2022-10-08T13:35:15","modified_gmt":"2022-10-08T13:35:15","slug":"stimmen","status":"publish","type":"page","link":"https:\/\/gospelwings.de\/?page_id=28","title":{"rendered":"Stimmen"},"content":{"rendered":"\t\t<div data-elementor-type=\"wp-page\" data-elementor-id=\"28\" class=\"elementor elementor-28\" data-elementor-settings=\"[]\">\n\t\t\t\t\t\t\t<div class=\"elementor-section-wrap\">\n\t\t\t\t\t\t\t<section class=\"elementor-section elementor-top-section elementor-element elementor-element-19bddbb elementor-section-boxed elementor-section-height-default elementor-section-height-default\" data-id=\"19bddbb\" data-element_type=\"section\">\n\t\t\t\t\t\t<div class=\"elementor-container elementor-column-gap-default\">\n\t\t\t\t\t<div class=\"elementor-column elementor-col-100 elementor-top-column elementor-element elementor-element-c9868c8\" data-id=\"c9868c8\" data-element_type=\"column\">\n\t\t\t<div class=\"elementor-widget-wrap elementor-element-populated\">\n\t\t\t\t\t\t\t\t<div class=\"elementor-element elementor-element-caf01fc elementor-widget elementor-widget-image\" data-id=\"caf01fc\" data-element_type=\"widget\" data-widget_type=\"image.default\">\n\t\t\t\t<div class=\"elementor-widget-container\">\n\t\t\t\t\t<div class=\"elementor-image\">\n\t\t\t\t\t\t\t\t\t\t<img width=\"1500\" height=\"286\" src=\"https:\/\/gospelwings.de\/wp-content\/uploads\/2021\/01\/TEST2-Kopie.jpg\" class=\"attachment-1536x1536 size-1536x1536\" alt=\"\" loading=\"lazy\" srcset=\"https:\/\/gospelwings.de\/wp-content\/uploads\/2021\/01\/TEST2-Kopie.jpg 1500w, https:\/\/gospelwings.de\/wp-content\/uploads\/2021\/01\/TEST2-Kopie-300x57.jpg 300w, https:\/\/gospelwings.de\/wp-content\/uploads\/2021\/01\/TEST2-Kopie-1024x195.jpg 1024w, https:\/\/gospelwings.de\/wp-content\/uploads\/2021\/01\/TEST2-Kopie-768x146.jpg 768w\" sizes=\"(max-width: 1500px) 100vw, 1500px\" \/>\t\t\t\t\t\t\t\t\t\t\t<\/div>\n\t\t\t\t<\/div>\n\t\t\t\t<\/div>\n\t\t\t\t\t<\/div>\n\t\t<\/div>\n\t\t\t\t\t\t\t<\/div>\n\t\t<\/section>\n\t\t\t\t<section class=\"elementor-section elementor-top-section elementor-element elementor-element-9d56233 elementor-section-boxed elementor-section-height-default elementor-section-height-default\" data-id=\"9d56233\" data-element_type=\"section\">\n\t\t\t\t\t\t<div class=\"elementor-container elementor-column-gap-default\">\n\t\t\t\t\t<div class=\"elementor-column elementor-col-100 elementor-top-column elementor-element elementor-element-bc5c1b6\" data-id=\"bc5c1b6\" data-element_type=\"column\">\n\t\t\t<div class=\"elementor-widget-wrap elementor-element-populated\">\n\t\t\t\t\t\t\t\t<div class=\"elementor-element elementor-element-7b3ed7e elementor-widget-divider--view-line_icon elementor-view-default elementor-widget-divider--element-align-center elementor-widget elementor-widget-divider\" data-id=\"7b3ed7e\" data-element_type=\"widget\" data-widget_type=\"divider.default\">\n\t\t\t\t<div class=\"elementor-widget-container\">\n\t\t\t\t\t<div class=\"elementor-divider\">\n\t\t\t<span class=\"elementor-divider-separator\">\n\t\t\t\t\t\t\t<div class=\"elementor-icon elementor-divider__element\">\n\t\t\t\t\t<i aria-hidden=\"true\" class=\"fab fa-itunes-note\"><\/i><\/div>\n\t\t\t\t\t\t<\/span>\n\t\t<\/div>\n\t\t\t\t<\/div>\n\t\t\t\t<\/div>\n\t\t\t\t\t<\/div>\n\t\t<\/div>\n\t\t\t\t\t\t\t<\/div>\n\t\t<\/section>\n\t\t\t\t<section class=\"elementor-section elementor-top-section elementor-element elementor-element-8378447 elementor-section-boxed elementor-section-height-default elementor-section-height-default\" data-id=\"8378447\" data-element_type=\"section\">\n\t\t\t\t\t\t<div class=\"elementor-container elementor-column-gap-default\">\n\t\t\t\t\t<div class=\"elementor-column elementor-col-100 elementor-top-column elementor-element elementor-element-98d2d47\" data-id=\"98d2d47\" data-element_type=\"column\">\n\t\t\t<div class=\"elementor-widget-wrap elementor-element-populated\">\n\t\t\t\t\t\t\t\t<div class=\"elementor-element elementor-element-d06bd4d elementor-widget elementor-widget-heading\" data-id=\"d06bd4d\" data-element_type=\"widget\" data-widget_type=\"heading.default\">\n\t\t\t\t<div class=\"elementor-widget-container\">\n\t\t\t<h2 class=\"elementor-heading-title elementor-size-default\">Stimmen<\/h2>\t\t<\/div>\n\t\t\t\t<\/div>\n\t\t\t\t\t<\/div>\n\t\t<\/div>\n\t\t\t\t\t\t\t<\/div>\n\t\t<\/section>\n\t\t\t\t<section class=\"elementor-section elementor-top-section elementor-element elementor-element-3212a79 elementor-section-boxed elementor-section-height-default elementor-section-height-default\" data-id=\"3212a79\" data-element_type=\"section\">\n\t\t\t\t\t\t<div class=\"elementor-container elementor-column-gap-default\">\n\t\t\t\t\t<div class=\"elementor-column elementor-col-100 elementor-top-column elementor-element elementor-element-fe12ace\" data-id=\"fe12ace\" data-element_type=\"column\">\n\t\t\t<div class=\"elementor-widget-wrap elementor-element-populated\">\n\t\t\t\t\t\t\t\t<div class=\"elementor-element elementor-element-782cd2e elementor-widget-divider--view-line_icon elementor-view-default elementor-widget-divider--element-align-center elementor-widget elementor-widget-divider\" data-id=\"782cd2e\" data-element_type=\"widget\" data-widget_type=\"divider.default\">\n\t\t\t\t<div class=\"elementor-widget-container\">\n\t\t\t\t\t<div class=\"elementor-divider\">\n\t\t\t<span class=\"elementor-divider-separator\">\n\t\t\t\t\t\t\t<div class=\"elementor-icon elementor-divider__element\">\n\t\t\t\t\t<i aria-hidden=\"true\" class=\"fab fa-itunes-note\"><\/i><\/div>\n\t\t\t\t\t\t<\/span>\n\t\t<\/div>\n\t\t\t\t<\/div>\n\t\t\t\t<\/div>\n\t\t\t\t\t<\/div>\n\t\t<\/div>\n\t\t\t\t\t\t\t<\/div>\n\t\t<\/section>\n\t\t\t\t<section class=\"elementor-section elementor-top-section elementor-element elementor-element-7deeb03 elementor-section-boxed elementor-section-height-default elementor-section-height-default\" data-id=\"7deeb03\" data-element_type=\"section\">\n\t\t\t\t\t\t<div class=\"elementor-container elementor-column-gap-default\">\n\t\t\t\t\t<div class=\"elementor-column elementor-col-100 elementor-top-column elementor-element elementor-element-4a96ceb\" data-id=\"4a96ceb\" data-element_type=\"column\">\n\t\t\t<div class=\"elementor-widget-wrap elementor-element-populated\">\n\t\t\t\t\t\t\t\t<div class=\"elementor-element elementor-element-081c4bf elementor-widget elementor-widget-text-editor\" data-id=\"081c4bf\" data-element_type=\"widget\" data-widget_type=\"text-editor.default\">\n\t\t\t\t<div class=\"elementor-widget-container\">\n\t\t\t\t\t<div class=\"elementor-text-editor elementor-clearfix\"><h4>Sopran<\/h4><\/div>\n\t\t\t\t<\/div>\n\t\t\t\t<\/div>\n\t\t\t\t\t<\/div>\n\t\t<\/div>\n\t\t\t\t\t\t\t<\/div>\n\t\t<\/section>\n\t\t\t\t<section class=\"elementor-section elementor-top-section elementor-element elementor-element-e2c860c elementor-section-boxed elementor-section-height-default elementor-section-height-default\" data-id=\"e2c860c\" data-element_type=\"section\">\n\t\t\t\t\t\t<div class=\"elementor-container elementor-column-gap-default\">\n\t\t\t\t\t<div class=\"elementor-column elementor-col-100 elementor-top-column elementor-element elementor-element-fe23bdc\" data-id=\"fe23bdc\" data-element_type=\"column\">\n\t\t\t<div class=\"elementor-widget-wrap elementor-element-populated\">\n\t\t\t\t\t\t\t\t<div class=\"elementor-element elementor-element-91a45ef elementor-widget elementor-widget-text-editor\" data-id=\"91a45ef\" data-element_type=\"widget\" data-widget_type=\"text-editor.default\">\n\t\t\t\t<div class=\"elementor-widget-container\">\n\t\t\t\t\t<div class=\"elementor-text-editor elementor-clearfix\"><p><span style=\"text-decoration: underline;\">Amy:<\/span><\/p><p><strong>Warum ich bei den GospelWings singe?<\/strong><br \/>Mir macht singen unheimlich Spa\u00df und es freut mich, neue Lieder kennenzulernen.<\/p><p><strong>Welche Bedeutung hat der Chor f\u00fcr dich?<\/strong><br \/>Er ist ein Ventil in eine andere Welt, die Abwechslung bietet.<\/p><p><strong>Welche Auftritte machen dir am meisten Spa\u00df?<\/strong><br \/>Auftritte machen mir immer Spa\u00df \ud83d\ude42<\/p><\/div>\n\t\t\t\t<\/div>\n\t\t\t\t<\/div>\n\t\t\t\t\t<\/div>\n\t\t<\/div>\n\t\t\t\t\t\t\t<\/div>\n\t\t<\/section>\n\t\t\t\t<section class=\"elementor-section elementor-top-section elementor-element elementor-element-6c061d1 elementor-section-boxed elementor-section-height-default elementor-section-height-default\" data-id=\"6c061d1\" data-element_type=\"section\">\n\t\t\t\t\t\t<div class=\"elementor-container elementor-column-gap-default\">\n\t\t\t\t\t<div class=\"elementor-column elementor-col-100 elementor-top-column elementor-element elementor-element-0d88577\" data-id=\"0d88577\" data-element_type=\"column\">\n\t\t\t<div class=\"elementor-widget-wrap elementor-element-populated\">\n\t\t\t\t\t\t\t\t<div class=\"elementor-element elementor-element-2b42b47 elementor-widget elementor-widget-text-editor\" data-id=\"2b42b47\" data-element_type=\"widget\" data-widget_type=\"text-editor.default\">\n\t\t\t\t<div class=\"elementor-widget-container\">\n\t\t\t\t\t<div class=\"elementor-text-editor elementor-clearfix\"><p><span style=\"text-decoration: underline;\">Carolyn:<\/span><\/p><p><strong>Welche Bedeutung hat der Chor f\u00fcr dich und warum singst du bei den GospelWings?<\/strong><br \/>Die GospelWings bedeuten mir sehr viel. Ich sch\u00e4tze das famili\u00e4re Verh\u00e4ltnis, welches durch jedes einzelne Mitglied zusammengehalten wird sowie die Gemeinsamkeit, die wir teilen, n\u00e4mlich: Freude am Singen! Ich singe unglaublich gerne in diesem Chor, da ich dort das Gef\u00fchl bekomme, meinen Alltag komplett vergessen zu k\u00f6nnen. Man lernt jedes Mal neue Dinge dazu und f\u00fchlt sich einfach rundum wohl in der Gemeinschaft.<\/p><p>Ich bin dankbar daf\u00fcr ein Teil dieser wunderbaren Gruppe zu sein!<\/p><\/div>\n\t\t\t\t<\/div>\n\t\t\t\t<\/div>\n\t\t\t\t\t<\/div>\n\t\t<\/div>\n\t\t\t\t\t\t\t<\/div>\n\t\t<\/section>\n\t\t\t\t<section class=\"elementor-section elementor-top-section elementor-element elementor-element-c9f808b elementor-section-boxed elementor-section-height-default elementor-section-height-default\" data-id=\"c9f808b\" data-element_type=\"section\">\n\t\t\t\t\t\t<div class=\"elementor-container elementor-column-gap-default\">\n\t\t\t\t\t<div class=\"elementor-column elementor-col-100 elementor-top-column elementor-element elementor-element-176e78f\" data-id=\"176e78f\" data-element_type=\"column\">\n\t\t\t<div class=\"elementor-widget-wrap elementor-element-populated\">\n\t\t\t\t\t\t\t\t<div class=\"elementor-element elementor-element-9c2bf89 elementor-widget elementor-widget-text-editor\" data-id=\"9c2bf89\" data-element_type=\"widget\" data-widget_type=\"text-editor.default\">\n\t\t\t\t<div class=\"elementor-widget-container\">\n\t\t\t\t\t<div class=\"elementor-text-editor elementor-clearfix\"><h4>Alt<\/h4><\/div>\n\t\t\t\t<\/div>\n\t\t\t\t<\/div>\n\t\t\t\t\t<\/div>\n\t\t<\/div>\n\t\t\t\t\t\t\t<\/div>\n\t\t<\/section>\n\t\t\t\t<section class=\"elementor-section elementor-top-section elementor-element elementor-element-0ef81c6 elementor-section-boxed elementor-section-height-default elementor-section-height-default\" data-id=\"0ef81c6\" data-element_type=\"section\">\n\t\t\t\t\t\t<div class=\"elementor-container elementor-column-gap-default\">\n\t\t\t\t\t<div class=\"elementor-column elementor-col-100 elementor-top-column elementor-element elementor-element-4426070\" data-id=\"4426070\" data-element_type=\"column\">\n\t\t\t<div class=\"elementor-widget-wrap elementor-element-populated\">\n\t\t\t\t\t\t\t\t<div class=\"elementor-element elementor-element-60d5822 elementor-widget elementor-widget-text-editor\" data-id=\"60d5822\" data-element_type=\"widget\" data-widget_type=\"text-editor.default\">\n\t\t\t\t<div class=\"elementor-widget-container\">\n\t\t\t\t\t<div class=\"elementor-text-editor elementor-clearfix\"><p><span style=\"text-decoration: underline;\">Christine:<\/span><\/p><p><strong>Warum singst du bei den GospelWings?<\/strong><br \/>Weil ich Gospel als Musikrichtung total vielseitig finde und sehr mag. Mit den Wings habe ich einen ganz au\u00dfergew\u00f6hnlichen Chor gefunden, der f\u00fcr mich weit mehr als nur gemeinsam singen bedeutet.<\/p><p><strong>Welches war dein sch\u00f6nstes Erlebnis mit den GospelWings?<\/strong><br \/>\u00dcber die Jahre gibt es so viele sch\u00f6ne Erlebnisse, aber am Beeindruckensten fand ich unseren ersten gemeinsamen Besuch bei den Gospelkirchentagen. Drei Tage nur Gospel in jeglicher Form &#8211; das war wie in einer anderen Welt zu sein. UNVERGESSLICH!<\/p><p><strong>Welche Bedeutung hat der Chor f\u00fcr dich?<\/strong><br \/>Der Chor ist f\u00fcr mich ein St\u00fcck Familie, Freundschaft und auch eine besonders sch\u00f6ne Art, meinen Glauben leben zu k\u00f6nnen. Die Proben sind fester Bestandteil der Woche und immer wieder kann ich viel Kraft tanken, auch wenn wir intensiv arbeiten.<\/p><p><strong>Welche Auftritte machen dir am meisten Spa\u00df?<\/strong><br \/>Eigentlich alle, bei denen wir Menschen mit unserer Musik ber\u00fchren, zum Stehenbleiben und Verweilen bringen. Und wenn noch die Unterst\u00fctzung f\u00fcr einen guten Zweck dazukommt, ist es eine richtig runde Sache.<\/p><\/div>\n\t\t\t\t<\/div>\n\t\t\t\t<\/div>\n\t\t\t\t\t<\/div>\n\t\t<\/div>\n\t\t\t\t\t\t\t<\/div>\n\t\t<\/section>\n\t\t\t\t<section class=\"elementor-section elementor-top-section elementor-element elementor-element-9e29715 elementor-section-boxed elementor-section-height-default elementor-section-height-default\" data-id=\"9e29715\" data-element_type=\"section\">\n\t\t\t\t\t\t<div class=\"elementor-container elementor-column-gap-default\">\n\t\t\t\t\t<div class=\"elementor-column elementor-col-100 elementor-top-column elementor-element elementor-element-6c27f27\" data-id=\"6c27f27\" data-element_type=\"column\">\n\t\t\t<div class=\"elementor-widget-wrap elementor-element-populated\">\n\t\t\t\t\t\t\t\t<div class=\"elementor-element elementor-element-4b42fb5 elementor-widget elementor-widget-text-editor\" data-id=\"4b42fb5\" data-element_type=\"widget\" data-widget_type=\"text-editor.default\">\n\t\t\t\t<div class=\"elementor-widget-container\">\n\t\t\t\t\t<div class=\"elementor-text-editor elementor-clearfix\"><p><span style=\"text-decoration: underline;\">Cordula:<\/span><\/p><p><strong>Was verbindest du mit den GospelWings?<\/strong><br \/>Chorwochenenden, intensives SIng- und Rhytmustraining, Selbstvertrauen in die eigene Stimme aufbauen, Gemeinschaft erleben<\/p><p><strong>Was sind deine Lieblingslieder?<\/strong><br \/>&#8222;Thy will be done&#8220; und auch &#8222;My Desire&#8220; oder &#8222;Time to celebrate&#8220;<\/p><\/div>\n\t\t\t\t<\/div>\n\t\t\t\t<\/div>\n\t\t\t\t\t<\/div>\n\t\t<\/div>\n\t\t\t\t\t\t\t<\/div>\n\t\t<\/section>\n\t\t\t\t<section class=\"elementor-section elementor-top-section elementor-element elementor-element-87ad800 elementor-section-boxed elementor-section-height-default elementor-section-height-default\" data-id=\"87ad800\" data-element_type=\"section\">\n\t\t\t\t\t\t<div class=\"elementor-container elementor-column-gap-default\">\n\t\t\t\t\t<div class=\"elementor-column elementor-col-100 elementor-top-column elementor-element elementor-element-6ae0220\" data-id=\"6ae0220\" data-element_type=\"column\">\n\t\t\t<div class=\"elementor-widget-wrap elementor-element-populated\">\n\t\t\t\t\t\t\t\t<div class=\"elementor-element elementor-element-62d726a elementor-widget elementor-widget-text-editor\" data-id=\"62d726a\" data-element_type=\"widget\" data-widget_type=\"text-editor.default\">\n\t\t\t\t<div class=\"elementor-widget-container\">\n\t\t\t\t\t<div class=\"elementor-text-editor elementor-clearfix\"><p><span style=\"text-decoration: underline;\">Marina:<\/span><\/p><p><strong>Welche Aufgabe \u00fcbernimmst du bei den GospelWings?<\/strong><br \/>Bereits seit den Anf\u00e4ngen der GospelWings war ich begeisterte Zuh\u00f6rerin und Besucherin der regelm\u00e4\u00dfig stattfindenen Gospelchurches und Konzerte. Heute bin ich stolz darauf, Teil dieser Gemeinschaft zu sein und als Mitglied der Vorstandschaft das Vereinsleben aktiv mitgestalten zu d\u00fcrfen.<\/p><p><strong>Was macht die GospelWings f\u00fcr dich besonders?<\/strong><br \/>Die Vielfalt der Charaktere und gleichzeitig der Zusammenhalt untereinander, das gemeinsame Proben an St\u00fccken verbunden mit dem Streben nach dem perfekten Chorklang, das Lachen und die ruhigen Momente und ganz besonders die einzigartigen Augenblicke bei unseren Auftritten, machen f\u00fcr mich die GospelWings zu etwas Wertvollem und Besonderen.<\/p><\/div>\n\t\t\t\t<\/div>\n\t\t\t\t<\/div>\n\t\t\t\t\t<\/div>\n\t\t<\/div>\n\t\t\t\t\t\t\t<\/div>\n\t\t<\/section>\n\t\t\t\t<section class=\"elementor-section elementor-top-section elementor-element elementor-element-9622b59 elementor-section-boxed elementor-section-height-default elementor-section-height-default\" data-id=\"9622b59\" data-element_type=\"section\">\n\t\t\t\t\t\t<div class=\"elementor-container elementor-column-gap-default\">\n\t\t\t\t\t<div class=\"elementor-column elementor-col-100 elementor-top-column elementor-element elementor-element-b01c067\" data-id=\"b01c067\" data-element_type=\"column\">\n\t\t\t<div class=\"elementor-widget-wrap elementor-element-populated\">\n\t\t\t\t\t\t\t\t<div class=\"elementor-element elementor-element-034f50c elementor-widget elementor-widget-text-editor\" data-id=\"034f50c\" data-element_type=\"widget\" data-widget_type=\"text-editor.default\">\n\t\t\t\t<div class=\"elementor-widget-container\">\n\t\t\t\t\t<div class=\"elementor-text-editor elementor-clearfix\"><h4>Tenor<\/h4><\/div>\n\t\t\t\t<\/div>\n\t\t\t\t<\/div>\n\t\t\t\t\t<\/div>\n\t\t<\/div>\n\t\t\t\t\t\t\t<\/div>\n\t\t<\/section>\n\t\t\t\t<section class=\"elementor-section elementor-top-section elementor-element elementor-element-dd9f21f elementor-section-boxed elementor-section-height-default elementor-section-height-default\" data-id=\"dd9f21f\" data-element_type=\"section\">\n\t\t\t\t\t\t<div class=\"elementor-container elementor-column-gap-default\">\n\t\t\t\t\t<div class=\"elementor-column elementor-col-100 elementor-top-column elementor-element elementor-element-b54d745\" data-id=\"b54d745\" data-element_type=\"column\">\n\t\t\t<div class=\"elementor-widget-wrap elementor-element-populated\">\n\t\t\t\t\t\t\t\t<div class=\"elementor-element elementor-element-4ebe4c7 elementor-widget elementor-widget-text-editor\" data-id=\"4ebe4c7\" data-element_type=\"widget\" data-widget_type=\"text-editor.default\">\n\t\t\t\t<div class=\"elementor-widget-container\">\n\t\t\t\t\t<div class=\"elementor-text-editor elementor-clearfix\"><p><span style=\"text-decoration: underline;\">Markus:<\/span><\/p><p><strong>Was gef\u00e4llt dir besonders gut an den GospelWings?<\/strong><br \/>Das Sch\u00f6ne am Chorsingen ist, sich ganz auf die anderen Chormitglieder einstimmen zu k\u00f6nnen und dann zu erleben, dass der Chorklang als Ganzes so viel mehr ist als die Summe der Einzelstimmen. Das erlebe ich besonders gut in unserem Chor.<\/p><p><strong>Welche Lieder aus dem gemeinsamen Repertoire sind deine Favoriten?<\/strong><br \/>Mir als Tenor gefallen Lieder, in denen die M\u00e4nnerstimmen eine tragende Rolle haben wie z.B. in &#8222;My Promise&#8220; oder auch sch\u00f6ne Bassl\u00e4ufe wie in &#8222;Now&#8220; (&#8222;When is a good time to praise the lord&#8220;).<\/p><p><strong>Welche Auftritte machen dir am meisten Spa\u00df?<\/strong><br \/>Am meisten gefallen mir die Gospelchurches. Dabei verbindet sich unser Singen mit einer Botschaft und es kann sich im Dialog mit den Zuh\u00f6renden, die dabei zu Mitwirkenden werden, eine unglaubliche Stimmung aufbauen.<\/p><\/div>\n\t\t\t\t<\/div>\n\t\t\t\t<\/div>\n\t\t\t\t\t<\/div>\n\t\t<\/div>\n\t\t\t\t\t\t\t<\/div>\n\t\t<\/section>\n\t\t\t\t\t\t<\/div>\n\t\t\t\t\t<\/div>\n\t\t","protected":false},"excerpt":{"rendered":"<p>Stimmen Sopran Amy: Warum ich bei den GospelWings singe?Mir macht singen unheimlich Spa\u00df und es freut mich, neue Lieder kennenzulernen. Welche Bedeutung hat der Chor f\u00fcr dich?Er ist ein Ventil in eine andere Welt, die Abwechslung bietet. Welche Auftritte machen dir am meisten Spa\u00df?Auftritte machen mir immer Spa\u00df \ud83d\ude42 Carolyn: Welche Bedeutung hat der Chor [&hellip;]<\/p>\n","protected":false},"author":1,"featured_media":0,"parent":0,"menu_order":0,"comment_status":"closed","ping_status":"closed","template":"","meta":{"spay_email":""},"_links":{"self":[{"href":"https:\/\/gospelwings.de\/index.php?rest_route=\/wp\/v2\/pages\/28"}],"collection":[{"href":"https:\/\/gospelwings.de\/index.php?rest_route=\/wp\/v2\/pages"}],"about":[{"href":"https:\/\/gospelwings.de\/index.php?rest_route=\/wp\/v2\/types\/page"}],"author":[{"embeddable":true,"href":"https:\/\/gospelwings.de\/index.php?rest_route=\/wp\/v2\/users\/1"}],"replies":[{"embeddable":true,"href":"https:\/\/gospelwings.de\/index.php?rest_route=%2Fwp%2Fv2%2Fcomments&post=28"}],"version-history":[{"count":35,"href":"https:\/\/gospelwings.de\/index.php?rest_route=\/wp\/v2\/pages\/28\/revisions"}],"predecessor-version":[{"id":695,"href":"https:\/\/gospelwings.de\/index.php?rest_route=\/wp\/v2\/pages\/28\/revisions\/695"}],"wp:attachment":[{"href":"https:\/\/gospelwings.de\/index.php?rest_route=%2Fwp%2Fv2%2Fmedia&parent=28"}],"curies":[{"name":"wp","href":"https:\/\/api.w.org\/{rel}","templated":true}]}}